hat are the prime factors of g?
7
Let c = 64 - 35. List the prime factors of c.
29
Suppose -3*w = 6, -2*w + 792 = 4*o - 4*w. Suppose -4*l = -71 - o. Suppose 5*z + r - 3*r - l = 0, -2*z = -3*r - 29. List the prime factors of z.
13
Let w be (1 - (-6)/(-2))*3. List the prime factors of w*2/4 + 21.
2, 3
Let n(r) = -3 - 4*r + 0*r - 6. List the prime factors of n(-6).
3, 5
Let p(w) = w**2 - 3*w. Let h be p(4). Suppose 0*i = i - h. What are the prime factors of 40/12 + i/6?
2
Let b(z) be the first derivative of z**2/2 + 2*z + 1. Let n be b(6). Let u = n - -3. What are the prime factors of u?
11
Let g = -1 - 1. Let f be -1 + (-7 - g)*-1. Suppose 2*c = 2*k - 0*k - 20, -12 = -2*k + f*c. List the prime factors of k.
2, 7
Suppose 3*x = 0, -3*d - 7*x + 4*x + 45 = 0. Suppose -k = -0*k - d. Suppose a - k = -0*a. What are the prime factors of a?
3, 5
Suppose -4*f = f - 25. Suppose -3*q = 0, -2*h - f*q = -4*q - 10. List the prime factors of h.
5
Let v(p) = 61*p**2 - 39*p. What are the prime factors of v(2)?
2, 83
What are the prime factors of (-15)/(-6)*56/5?
2, 7
Let s(o) = -o**2 - 8*o + 9. Let p(z) = z**3 - 8*z**2 - 9. Let x be p(8). Let m be s(x). Suppose -17 = -m*i - i. What are the prime factors of i?
17
Let i(o) = -13*o + 13*o + o**2 - 4. Let x be i(3). Suppose 4*y = x*d - 10, 6*d - 5*y = 3*d - 7. List the prime factors of d.
2, 3
Let d be (-1 + 0)/(-2)*6. Suppose 8 = -4*v, 2*v + 3 + 70 = d*m. What are the prime factors of m?
23
Let v = -11 + 16. Suppose 3*o - n - 4 = 0, 2*o - 2*n + 10 = v*o. Suppose 3*x - 21 = -o*w + 5*w, -w + 8 = 2*x. What are the prime factors of x?
5
Let r(a) = 3*a**2 - a - 8. List the prime factors of r(-5).
2, 3
Let k = 95 + 9. List the prime factors of k/12 - 4/6.
2
Let b = 99 - 70. List the prime factors of (-1)/((-88)/b - -3).
29
Let k = 6 - 6. Suppose -7 = -u + 3*a - 1, -2*a = k. List the prime factors of u.
2, 3
Let u(y) = y**3 - 7*y**2 + 3. Let o be u(7). Suppose o*t + 5*s = 74, 3*s + 5 = 2*s. List the prime factors of t.
3, 11
Let m = 29 - 9. List the prime factors of m.
2, 5
Let v(y) = y**2 + 10*y + 5. What are the prime factors of v(-10)?
5
Let t = 7 - 5. Suppose 21 = 2*d + t*v + 7, -13 = d + 5*v. Let r = d - 1. List the prime factors of r.
11
Let i(w) = -w - 6. Let o be i(-6). Suppose -4*k = -o*k. Suppose k = -3*g + 2 + 7. What are the prime factors of g?
3
Let w = -2 + 2. Suppose w = 2*y - 5 - 1. What are the prime factors of y?
3
Let y(a) = a**2 + 14*a + 2. Let w(f) = 15*f - 1 + 1 + 2 + f**2. Let o(z) = -4*w(z) + 5*y(z). What are the prime factors of o(-10)?
2
Let u(b) be the first derivative of b**3/3 - 4*b**2 + 12*b - 1. What are the prime factors of u(8)?
2, 3
Suppose -3*s + 4*s + 70 = 0. Let q = -41 - s. What are the prime factors of q?
29
Let y = -1 - -6. Suppose -3*p = 4*g - 173 + 50, -y*g - 2*p + 159 = 0. List the prime factors of g.
3, 11
Suppose -2*f + 5*p + 63 = 0, -2*f + 33 = 3*p + 2*p. Suppose n - f = -3. What are the prime factors of n?
3, 7
Suppose 0 = -3*t - u + 469, 0 = -4*t - u + 161 + 466. List the prime factors of t.
2, 79
Suppose -o + 5*u = -25, 3*o - 4*u = -o + 116. What are the prime factors of o?
2, 3, 5
Let t be (-1 - -5)*(-10)/(-8). Suppose -t*g - 22 = -2. List the prime factors of ((-10)/4)/(2/g).
5
Let y = 32 + -19. What are the prime factors of y?
13
Suppose 2*f + 4*k - 4 = -0*f, 5*f + 5*k = 15. Let v(g) = g**2 + 3*g - 3. What are the prime factors of v(f)?
5
Suppose 41*d = 53*d - 2676. List the prime factors of d.
223
Let z(d) = -d**2 + 13*d + 13. List the prime factors of z(11).
5, 7
Suppose 2*o - 3*o - 135 = -4*f, 2*f + 2*o = 80. List the prime factors of f.
5, 7
Let o(r) = r**2 - 2*r + 1. Let w be o(1). Suppose w = a + a - 10. What are the prime factors of a?
5
Let j(i) = i**2 - 15*i - 26. What are the prime factors of j(-8)?
2, 79
Suppose -39*g + 164 = -37*g. What are the prime factors of g?
2, 41
Let j = 822 - 570. What are the prime factors of j?
2, 3, 7
What are the prime factors of 59/3*30/((-10)/(-5))?
5, 59
Suppose 5*m = 206 + 49. What are the prime factors of m?
3, 17
Suppose -2*b - 1 + 5 = 0. What are the prime factors of ((-8)/24)/(b/(-18))?
3
Let l(b) = 4*b - 41. List the prime factors of l(17).
3
List the prime factors of (-3 - (1 - 3)) + 34.
3, 11
Let l(d) = -5*d - 1. List the prime factors of l(-14).
3, 23
Let n be (0 - -2 - 1) + 9. Let w = 19 - n. What are the prime factors of w?
3
Let j be (-54)/(-24) - 1/4. Let u = j + -2. Suppose u = -o + 17 - 7. What are the prime factors of o?
2, 5
Let k(q) = -7*q + 5. Let h(t) = -t + 1. Let x(r) = -6*h(r) + k(r). Let d be x(-3). Suppose d*u - 11 = 21. What are the prime factors of u?
2
Let l(p) = -p**3 - 14*p**2 - 6*p - 12. List the prime factors of l(-14).
2, 3
What are the prime factors of (-24)/9*-3*1?
2
Let v be (-1 - -2)/(1/16). Suppose 4*y - 7*y = -87. Let r = y - v. What are the prime factors of r?
13
Let y = 14 + -14. List the prime factors of y - -2*22/4.
11
Suppose 0 = 5*o + 2*w - 326, 4*o + w + w - 260 = 0. What are the prime factors of o?
2, 3, 11
What are the prime factors of (6 - -26)/(1/1)?
2
Suppose 65 - 237 = -4*q. List the prime factors of q.
43
Let w(o) = -o**2 + 6*o - 3. Let s be w(5). Suppose 0 = 3*x - 0*x. Let a = s - x. List the prime factors of a.
2
Suppose -5*r + 23 + 67 = 5*a, 0 = 4*a - 5*r - 63. What are the prime factors of a?
17
Let s be (6 - (2 + -1)) + -1. Suppose -n = -s*n. Let x(c) = c**2 - c + 9. What are the prime factors of x(n)?
3
What are the prime factors of ((-11)/(176/(-540)))/((-3)/(-12))?
3, 5
Suppose -5*p = -3*d - 9*p + 651, 0 = -3*d + 3*p + 630. List the prime factors of d.
3, 71
Suppose 2*x - 6*c + 39 = -c, -5*x - 86 = -c. List the prime factors of (-4)/((-4)/x)*-1.
17
Let t(x) = -2*x**3 - 4*x**2 - 8*x - 8. List the prime factors of t(-4).
2, 11
What are the prime factors of 2/5*(-360)/(-64)*40?
2, 3, 5
Let f(d) be the second derivative of -d**3/3 - 6*d**2 - 2*d. What are the prime factors of f(-9)?
2, 3
Let k = -66 + 214. Let o = k + -101. What are the prime factors of o?
47
Let s be ((-1)/(-3))/((-2)/(-18)). Suppose -s*p - 15 = -5*x - 2, x = 3*p + 17. List the prime factors of 4/(-6) + (-34)/p.
5
Let j be (9/27)/(1/87). Suppose 22 = 5*n - 18. Let x = j - n. List the prime factors of x.
3, 7
Let k = -182 + 259. What are the prime factors of k?
7, 11
Let f = 37 + -27. List the prime factors of f.
2, 5
Let s(g) = -2 - 13*g - 4 + 4*g**2 + 2*g - 3*g**2. Let j be s(10). List the prime factors of ((-6)/(-4))/((-6)/j).
2
Let j(k) = k**3 - 9*k**2 + 5*k + 8. Let z be j(8). Let c = 22 + z. List the prime factors of c.
2, 3
Let t = -7 + 12. Suppose 0 = t*k + 1 - 16, 0 = 3*x + k - 51. List the prime factors of x/3*6/4.
2
Suppose 2*y - 40 = -0. Suppose 0*s + 3*s - n = 4, -19 = 2*s - 5*n. Suppose -s*m + y = 2*m. What are the prime factors of m?
2
Let z(j) = -j**3 + 6*j**2 - 1. Suppose -3*m - 4*u = 1 + 10, -3*m + 4*u = -29. What are the prime factors of z(m)?
2, 13
Let o = 75 + 147. What are the prime factors of o?
2, 3, 37
Suppose v = -v. Suppose v*j = -5*j - 5, 4*l - 5 = -3*j. Suppose -g + 2*g + 5*n = l, -4*g - 5*n = -53. What are the prime factors of g?
17
Let t(z) = -z**3 + 9*z**2 - 8*z + 6. What are the prime factors of t(7)?
2, 3
Let c be 0 + -6 - (1 - 0). Let y = -19 + 32. Let b = c + y. What are the prime factors of b?
2, 3
Let p = 457 - 319. List the prime factors of p.
2, 3, 23
Let s be ((-3)/(-1))/(2/146). Suppose -3*j = -9, -3*j + s = -0*o + 3*o. Suppose -o = -2*u - 3*u. List the prime factors of u.
2, 7
Let l be 9/1 - 80/(-20). Suppose -l + 82 = 3*s. List the prime factors of s.
23
Suppose -2*a - 2*a = -4*q - 28, 2*a - 10 = 4*q. Let s(u) = -12*u**3 - u. Let d be s(-1). Let b = d - a. List the prime factors of b.
2
Let c = 35 - -4. Suppose 0 = 2*w - c - 27. What are the prime factors of w?
3, 11
What are the prime factors of 2 + (-6)/(-2) + -3 + 6?
2
Suppose 2*h - 509 = -5*x, -4*h - 7*x + 1078 = -9*x. What are the prime factors of h?
3, 89
Let v = 854 + -402. Suppose 3*w - 3*f - f + v = 0, -2*w - 305 = f. List the prime factors of (2/4)/((-4)/w).
19
Suppose -n = 5*h + 95, -2*n = 3*h - 6*n + 34. Let j(x) = x**2 - 4*x - 1. Let c be j(5). List the prime factors of c/h + (-368)/(-36).
2, 5
Let x(a) = -a**3 + 3*a. Let j be (-12)/4 + 0 + 0. What are the prime factors of x(j)?
2, 3
List the pr